5). Suppose 63 - y = -3*c. List the prime factors of c.
11, 29
Let f(x) = -89*x**3 + 43*x**2 + 233*x - 9. List the prime factors of f(-5).
2, 37, 149
Suppose -3*p = -6*d + 3*d + 1068, -4 = -p. Suppose -d = 3*v - 5*v. Suppose -3*h + 5*x + 108 = -0*h, -2*x - v = -5*h. List the prime factors of h.
2, 3
Suppose 5*d + 10 = 0, -3*d - 4 - 2 = -2*f. Let n be 3/(f - (-9)/12). Suppose -4*v + n*r = -9*v + 1337, r - 1328 = -5*v. What are the prime factors of v?
5, 53
List the prime factors of (-1)/(1/(-8)) + 420/(-30)*-724.
2, 317
Let o(b) be the third derivative of -11*b**4/12 + 7*b**3/6 - 54*b**2. What are the prime factors of o(-12)?
271
Let x(f) = 2*f + 4 - 12*f - 17*f + 6*f - 3*f. Let d be (3 - 4)*(4 - 0). List the prime factors of x(d).
2, 5
Suppose 31*d - 34080 = 19*d. Suppose -21*g + 11*g = -d. List the prime factors of g.
2, 71
Suppose -u - 448 = 2*t - 126, 5*u = -5*t - 815. Let k = t - -398. Suppose 3*x + 4*c + 62 = 426, -2*x + c = -k. What are the prime factors of x?
2, 3, 5
Suppose 463 = 29*p + 144. List the prime factors of (62/(-3))/(3416/312 - p).
13, 31
Suppose -13*m = -20*m + 28. Suppose 4*l - 12 = -q, 2*q - 3*l - 3 = -m*l. Suppose t - 2*h - 99 = q, 3*t + 0*t + 3*h - 333 = 0. List the prime factors of t.
107
Suppose -3*u - 535 = -2*t, 292 = 4*t + 4*u - 828. Let h = 715 - t. Suppose 12*i - 2*i = h. List the prime factors of i.
2, 11
Let b(u) = -4*u - 26. Let x be b(-21). Suppose -1138 + x = -5*q. Suppose 11*s - q = -s. List the prime factors of s.
2, 3
Suppose 69347 = 38*l + 31308 - 368219. List the prime factors of l.
10691
Let c = 445 + -430. Let y(v) = 10*v**2 - 23*v - 85. What are the prime factors of y(c)?
2, 5, 7, 13
Let l(v) = -5*v - 41. Let s be l(-13). Suppose 0 = -5*f - m - 556, s + 428 = -4*f + m. Let u = 160 + f. List the prime factors of u.
2, 3
Let c = -194 - -147. Let o = 371 - c. List the prime factors of o.
2, 11, 19
Let w = 13562 + -1156. What are the prime factors of w?
2, 6203
Suppose -56*x = -34*x + 71*x - 1304325. List the prime factors of x.
3, 5, 11, 17
Let n(w) = w**3 + 6*w**2 + w + 13. Suppose 0 = 83*p - 67*p - 80. What are the prime factors of n(p)?
293
Let k(s) = 417*s - 3690. List the prime factors of k(56).
2, 3, 29, 113
Let y be (-203210)/21*36/(-20). Suppose -52*f + y + 70410 = 0. List the prime factors of f.
3, 563
Let j = 200 + -146. List the prime factors of (-15)/2*(-6)/15 + j.
3, 19
Suppose 2 + 0 = 5*m - s, 2*s = -4*m + 10. Let y(b) = 75*b**2 - 6*b + 5. List the prime factors of y(m).
2, 37
Let g(a) = -3*a**3 - a**2 - 11*a - 2. Let p(k) = -k**3 + k**2 + k - 1. Let c(j) = g(j) - 4*p(j). Let u be c(7). List the prime factors of (-12)/u*(0 + 30).
2, 3
Suppose -3*v - 2*c = -28085, 4*v - 2*c - 2530 - 34898 = 0. What are the prime factors of v?
7, 191
Let d be (0 + -2)*(-192)/48. Suppose -9*f - d*f + 6120 = 0. What are the prime factors of f?
2, 3, 5
Let x = -26 - -42. Let n = x + -20. What are the prime factors of (-3)/(n + 10)*-50?
5
Let x(i) = i**3 - 26*i - 2. Let u be x(-5). Suppose -u*n = 274 - 889. List the prime factors of n.
5, 41
Let n = -12614 - -20321. List the prime factors of n.
3, 7, 367
Suppose -x - 3 = 0, 62*s - x - 56916 = 59*s. What are the prime factors of s?
61, 311
Let u = 109159 + -72562. What are the prime factors of u?
3, 11, 1109
Let z(o) = 19*o + 47 - 10*o - 12*o. List the prime factors of z(14).
5
Let f = -141 - -142. List the prime factors of (33 - -40)/(f + 0).
73
Let z(m) be the third derivative of 5/6*m**4 + 4*m**2 + 0*m - 1/60*m**5 + 0 - 1/3*m**3. What are the prime factors of z(15)?
73
Let d = -3876 + 17651. What are the prime factors of d?
5, 19, 29
Let g(f) = -f**3 + 12*f**2 - 12*f + 11. Let o be g(11). Suppose 3 + o = i. Suppose 4*c - 5*r - 172 = 0, -i*c + 0*r + 160 = 4*r. List the prime factors of c.
2, 3
Let w be (-522)/(-24) + (-9)/12. Suppose -4*o - 6 = -2*y, -2*y = 3*y - 4*o - w. Suppose 229 - 994 = -y*u. What are the prime factors of u?
3, 17
Let v = 10958 + -7136. List the prime factors of v.
2, 3, 7, 13
Suppose 48*c - 22*c = 48*c - 86944. List the prime factors of c.
2, 13, 19
List the prime factors of (26 + -23)/(20020/20017 + (0 - 1)).
37, 541
Let z = -303 + 295. List the prime factors of (1/(12/z))/((-2)/1317).
439
List the prime factors of 2*2 - (-10721 + -111).
2, 3, 7, 43
Suppose -2*m - 5*s + 14122 = 0, 3*m + 5*s - 30790 + 9597 = 0. List the prime factors of m.
3, 2357
Let k(f) = f + 30. Let j be k(-16). Let n be 2*1/(4/j). Suppose -n = -u + 75. List the prime factors of u.
2, 41
Let u = 356 + -216. Suppose -6*f + 4*f = -l - 59, -5*f + 5*l + u = 0. What are the prime factors of f?
31
Let u = 5435 + -2846. List the prime factors of u.
3, 863
Let d be -7 - (-13 - (-5 + 6)). What are the prime factors of d/(-2 + 875/434)?
2, 7, 31
Let i(l) = 35*l**2 - 51*l - 200. List the prime factors of i(28).
2, 3, 239
Let w = 9078 + -1628. What are the prime factors of w?
2, 5, 149
Let y = 2137 + -1265. Let j = y + -503. What are the prime factors of j?
3, 41
Suppose 4*b - 35 = -3*z, 2*b - 35 = -3*b + 5*z. Suppose b*c = 3*d + 6*c - 246, -c = -5*d + 417. List the prime factors of d.
2, 3, 7
Let c = 280 + 758. Suppose -3*p + 775 = -3*d + 5*d, 4*p = -5*d + c. List the prime factors of p.
257
Suppose 8*p - 15 = 11*p. Let w be -1 - -97 - (-5)/(p/(-2)). What are the prime factors of w + -2 + -6 + 3?
3, 31
Suppose -2*b + 6*b - 4*x + 456 = 0, 2*b = -4*x - 222. Let q = 163 + b. Let c = 91 - q. List the prime factors of c.
41
Let n(r) = -7*r + 32. Let a be n(5). What are the prime factors of -1*3*1*163/a?
163
Let n(r) = -5*r**3 - 3*r**2 + 18*r + 105. List the prime factors of n(-10).
5, 37
Let a = 515 - 515. Suppose a = 4*h - 3*k - 2875, 3*h + 2*k - 4*k - 2155 = 0. List the prime factors of h.
5, 11, 13
Let h(o) = o**3 - 7*o**2 + 10*o + 5. Let m be h(5). Suppose u = 4*g - 2749, -m*g + 321 + 3131 = 4*u. What are the prime factors of g?
2, 43
Let m be (-1)/(4/(-1304)*-2) - -3. Let v = 748 + m. List the prime factors of v.
2, 3, 7
Let f = -187 - -172. Let r = 37 + 22. Let d = r - f. List the prime factors of d.
2, 37
Let g(f) = f**3 - f**2 + 2*f + 11. Let w(x) = x**2 + 18*x - 13. Let k be w(-19). List the prime factors of g(k).
7, 29
Suppose b + 357 = 2*b. Suppose g + 0*g + 991 = 3*z, 5*g = -z + b. Suppose 4*t - z = 180. List the prime factors of t.
2
Let s = 77120 - 44212. What are the prime factors of s?
2, 19, 433
Let w = -26161 + 49820. What are the prime factors of w?
59, 401
Let k = 33 - 34. Let t(l) = 15*l**2 + l - 1. Let x be t(k). Suppose x*s - 14*s = -88. What are the prime factors of s?
2, 11
Let y(g) = 33*g**3 + 9*g**2 + 12*g - 13. Let h(k) = 16*k**3 + 4*k**2 + 5*k - 6. Let p(t) = -9*h(t) + 4*y(t). Let i = -7 - -5. List the prime factors of p(i).
2, 23
Suppose 0 = -7*d + 19 + 2. Suppose w = -0*p + 2*p + 49, 0 = 4*w + d*p - 185. Suppose 0 = 3*y - 2*n - w - 212, -423 = -5*y - n. What are the prime factors of y?
5, 17
Let m = 107 - 77. Suppose m*r - 25*r = 2905. List the prime factors of r.
7, 83
Suppose -4*k - x - 2*x = -25, 0 = -k + x + 15. Suppose -k*m + 1280 = 6*m. What are the prime factors of m?
2, 5
What are the prime factors of (10146/(-570))/((-2)/1290)?
3, 43, 89
Let w(j) = -3*j**3 + 123*j**2 - 38*j - 113. What are the prime factors of w(37)?
17, 877
Let a be (2 + (0 - 2))/2. Let r be 4 - (-2)/(-10)*a. Suppose 0 = 3*n + 5*z + 5 - 15, 3*z = -r*n + 28. What are the prime factors of n?
2, 5
Let y(v) = 786*v + 1277. What are the prime factors of y(10)?
9137
List the prime factors of (-90)/50 + (-5 - -6) - 406128/(-10).
2, 11, 13, 71
Let s(t) = 448*t + 10809. List the prime factors of s(0).
3, 1201
List the prime factors of (-11 - -15013)/(1 + 1).
13, 577
Suppose 0*k + 13070 = 5*z + 5*k, 0 = -3*z + 2*k + 7857. Let g = -1036 + z. List the prime factors of g.
3, 17, 31
Let f(c) = -5*c**2 + 3*c + 264. Let t(p) = 12*p**2 - 7*p - 528. Let s(x) = 5*f(x) + 2*t(x). What are the prime factors of s(0)?
2, 3, 11
List the prime factors of (-2)/(-71) + (-194686136)/(-34648).
3, 1873
Suppose -15*l + 25*l + 40 = 0. What are the prime factors of 8940/50 + l + (-1)/(-5)?
5, 7
Let s(t) = -t**2 - 15*t - 51. Let b be s(17). Let y = -314 - b. List the prime factors of y.
281
Let q be 1287/6*44/3. Suppose -3*f - q = -14*f. Let r = f - 148. List the prime factors of r.
2, 3, 23
Let a(f) = 3*f